nder when 1553255/589 + (-118)/38 + 3 is divided by 19.
15
Suppose 7*y - 30 = 4*y. Let t be (y - 10) + 0 + -1. Calculate the remainder when 128 is divided by (16/32)/(t/(-90)).
38
Let c(l) = l**3 + 14*l**2 + 24*l + 5. Let g be c(-12). Suppose 0 = -3*v - 9, -g*k - v + 3 + 4 = 0. What is the remainder when 7 + (2 + k)/2 is divided by 5?
4
Let i(n) = 2*n**2 - n - 1. Let y(w) = -9*w**2 + w - 96. Let b(v) = 5*i(v) + y(v). What is the remainder when b(-18) is divided by 43?
37
Let a = 488 - 461. What is the remainder when 539 is divided by a?
26
Suppose -5*p + 1538 = -2*a, 51 = 3*p - a - 871. Calculate the remainder when p is divided by 22.
20
What is the remainder when 6/(-1) + 1610/(-30)*-3 is divided by 45?
20
Suppose -48 = 7*q - 12*q - 2*c, -6 = -q - 4*c. Calculate the remainder when 458 is divided by q.
8
Let m be 3/9 - (-28)/6. Suppose 4*y - 72 = -0*y + 3*l, 2*l - 113 = -m*y. Calculate the remainder when 42 is divided by (-6)/y + (-535)/(-35).
12
Suppose -5*r = 2*b - 163 - 85, -30 = 5*r. Calculate the remainder when 961 is divided by b.
127
Let p = -599 - -428. Let l = p + 251. What is the remainder when l is divided by 12?
8
Let o(p) = -294*p + 92. Let g be o(-5). Suppose 4*d - 2056 = -4*u, 6*u - 3*u - 2*d = g. What is the remainder when u is divided by 26?
24
What is the remainder when -20 + 652 + 5*2 is divided by 338?
304
Let o(f) = 6*f**3 + 3*f**2 + 37*f - 38. What is the remainder when 2015 is divided by o(1)?
7
Suppose u = 2*c + 25, 4*u - 3*c = -2*c + 114. Calculate the remainder when 3702 is divided by u.
19
Suppose -10 = -5*h, 5*d - 3*h - 2*h = -25. Let m be -2 + (-91)/3 - (-2)/d. Calculate the remainder when 162 is divided by 7 + -2 - 5 - m.
30
Let j be (-49)/14*(-20)/7. Suppose 185 - 35 = j*h. What is the remainder when 314 is divided by h?
14
Let h be -24*(0 - (-312)/(-18)). Let u = h + -286. What is the remainder when u is divided by 68?
62
Suppose 53*d + 185*d - 61*d - 17523 = 0. Calculate the remainder when 623 is divided by d.
29
Let b(d) = 327*d - 3896. What is the remainder when b(13) is divided by 51?
49
Suppose i - 5*i - 404 = -2*d, 3*i + 321 = -3*d. Let o = -100 - i. Calculate the remainder when 35 is divided by o.
2
Suppose 0 = -0*k + k - 12. Suppose 0 = -2*g - 4*p + 20, -g + 0*g + 11 = p. Suppose 13*i = g*i + 58. Calculate the remainder when i is divided by k.
10
Suppose 119*q - 67790 - 192365 = -14420. Calculate the remainder when q is divided by 22.
19
Let l = 87 + -78. Let k be l/15 + (-3736)/(-40). Suppose -k = -7*b + 53. What is the remainder when 40 is divided by b?
19
Suppose 5 = 5*y, -6 + 27 = -a - 5*y. Let o(j) = j**3 + 26*j**2 + 16. What is the remainder when o(a) is divided by 7?
2
Let r(t) = -72*t + 372. What is the remainder when r(2) is divided by 17?
7
Let c(i) = -2*i**3 - 17*i**2 + 9*i - 50. Calculate the remainder when 247 is divided by c(-10).
87
Suppose -117*p + 14477 = -86*p. What is the remainder when p is divided by 27?
8
Suppose q - 3 = 4*q, 0 = -o + 2*q + 314. Suppose 309 = -m + o. Calculate the remainder when 10 is divided by m.
1
Let s = -20 + 24. Let l(v) = -v**3 + 7*v**2 + 18*v + 10. Let k be 3/(2 - 1 - (-16)/(-24)). What is the remainder when l(k) is divided by s?
2
Let q(a) = 4*a**2 + 6*a - 6. Let p be q(-9). Suppose -2*n + p = -310. Calculate the remainder when n is divided by 48.
47
Suppose 5*b = 0, 3*i + b - 3*b - 81 = -7*b. What is the remainder when (-2)/(-7) + 362/7 is divided by i?
25
Let g = -971 + 601. Let j = g + 633. Let f(c) = c**3 - 67*c**2 - 5*c + 388. Calculate the remainder when j is divided by f(67).
51
Let f(o) = -57*o + o**3 + 3*o**3 + 5*o - 11 - 3*o**3 - 3. Calculate the remainder when f(8) is divided by 17.
14
Let z be (-30)/75 + (-4292)/20. Calculate the remainder when z/(-172) - (2 - 495/4) is divided by 26.
19
Let x = 12 - -12. Let t(m) = m**3 + 56*m**2 - 42*m + 897. Calculate the remainder when t(-57) is divided by x.
18
Suppose 58*p - 53*p = 3*q - 6264, 2*p - 10502 = -5*q. Calculate the remainder when q is divided by 60.
58
Let q = 6 - 2. Let g(h) = 49*h - 4. Let m(y) = -99*y + 9. Let n(d) = q*m(d) + 9*g(d). What is the remainder when n(1) is divided by 8?
5
Suppose 67958 = 70*u + 40045 - 58677. What is the remainder when u is divided by 208?
197
Let c = -33 - -27. Let m be -5 + 3 + 12 + c. Suppose 3*p - 3*l - 42 = 0, m*l = 3*p - p - 28. Calculate the remainder when 51 is divided by p.
9
Let i = 1015 - 678. What is the remainder when 339 is divided by i?
2
Let t(g) = 6*g**3 + 72*g**2 + 50*g + 1. What is the remainder when t(-11) is divided by 31?
22
Suppose 9 = w + 8, 3*v - 373 = 5*w. Suppose -69*s + 51*s = -v. Calculate the remainder when s is divided by (-6)/(-21) - 52/(-14).
3
Let y(a) = 3*a + 193. Let c be y(-27). Suppose c*n = 108*n + 104. What is the remainder when 216 is divided by n?
8
Suppose -b - 457 + 515 = 0. Let h = -2 - -4. Suppose 4*i = -3*k + 566 + 360, 4*k + 452 = h*i. What is the remainder when i is divided by b?
56
What is the remainder when (-335916)/(-154) - 6/22 is divided by 52?
49
Suppose 0 = 4*c - 7 - 1125. What is the remainder when c/3 - 50/(-75) is divided by 14?
11
Suppose 517*r - 292*r - 1415384 = -432359. Calculate the remainder when r is divided by 115.
114
Let x = -294 + 302. Calculate the remainder when 38 is divided by x.
6
Suppose 0 = 5*f + 153 - 518. Suppose -569 = -58*k + 591 - 232. Calculate the remainder when f is divided by k.
9
Suppose 52 = 31*s - 32*s. Let n = s + 377. Suppose -2*o - 3*b = -7*o + 315, 5*o - n = b. Calculate the remainder when 192 is divided by o.
60
Let o(c) = -25*c - 128. Let i be o(-7). Suppose -43*h + i*h - 140 = 0. Calculate the remainder when h is divided by 9.
8
Let r = -11746 + 11774. Let m(p) = 3*p**2 + 1. Calculate the remainder when m(5) is divided by r.
20
Let d(u) = 12*u**2 - 1526*u + 478. Calculate the remainder when 2253 is divided by d(127).
13
Suppose 421*l - 419*l = c + 925, 890 = 2*l + 4*c. Calculate the remainder when l is divided by 145.
24
Suppose -96 + 9 = -3*p. Let j = 313 + -214. What is the remainder when 1278/(-4)*(-44)/j is divided by p?
26
Let l be 4/(-14) - (-489)/21. Suppose -2*f + 5*r = 2*f + 28, 0 = 5*f + 5*r + 80. Let h = f + l. Calculate the remainder when 31 is divided by h.
9
Suppose -j - 3*j = 153 - 221. Calculate the remainder when 19 is divided by j.
2
Suppose -a + 257 = -2*t, a - 4*t - 43 - 206 = 0. Calculate the remainder when a is divided by 97.
71
Let i(m) = -46*m + 213 + 25*m + 14*m + 26*m. Calculate the remainder when i(-10) is divided by 5.
3
Suppose 0 = -l - 5, 5*l - 2*l + 597 = 3*o. Suppose -o = -7*q + 135. What is the remainder when 92 is divided by q?
45
Let n(k) = k**2 - 4. Let u be n(2). Let g be -12*((-1)/2 - u) + -4. Calculate the remainder when 78 is divided by 7/((-84)/162)*g/(-3).
6
Let x be (164/(-205))/(2/5). Calculate the remainder when 2/x*(-112 + 4/(-4)) is divided by 58.
55
Let q(o) = 3*o**3 - o**2 - 2*o + 1. Let s(m) = 4*m - 6. Let w be s(13). Let x = -43 + w. Calculate the remainder when q(x) is divided by 23.
21
Let l = 6256 + -6229. Calculate the remainder when 252 is divided by l.
9
Let n(w) = 77*w**2 - 43*w - 47. Calculate the remainder when 498 is divided by n(-1).
60
What is the remainder when (-330)/9*(-1650)/125 is divided by 166?
152
Let i be (12/(-15))/((-2)/(-95)). Let p = i + 58. Suppose -3*x = 2*x - 195. Calculate the remainder when x is divided by p.
19
Suppose -4*a - 105 = -581. What is the remainder when 524 is divided by a?
48
Suppose -4*f + 0 = 12. What is the remainder when 42 is divided by (3/1)/(f/(-9))?
6
Suppose -2*n + 5*r = -91, -53 = n - 2*n + 4*r. Let i = -102 + 107. Suppose -i*x + 45 = -45. What is the remainder when n is divided by x?
15
Suppose -15750 = -39*j + 22704. What is the remainder when j is divided by 90?
86
Let q = 14111 - 12966. What is the remainder when q is divided by 86?
27
Let s = -99874 + 99941. Let p be (2 + -1)*-1*2. Calculate the remainder when s is divided by (56/2 - p) + -2.
11
Let y = -22457 + 22479. What is the remainder when 6727 is divided by y?
17
Let j = 615 + 70. Calculate the remainder when j is divided by 228.
1
Let h = 676 + -389. Suppose q = -6*q + h. What is the remainder when 162 is divided by q?
39
Let k = -318 + 409. Let b = -54 + k. Calculate the remainder when b is divide